{"id":15,"date":"2020-03-26T13:44:46","date_gmt":"2020-03-26T12:44:46","guid":{"rendered":"http:\/\/serwer2037821.home.pl\/autoinstalator\/wordpress\/?page_id=15"},"modified":"2026-05-10T09:09:12","modified_gmt":"2026-05-10T07:09:12","slug":"intencje-mszalne","status":"publish","type":"page","link":"https:\/\/parafiabrzeznio.pl\/?page_id=15","title":{"rendered":"Intencje Mszalne"},"content":{"rendered":"<p><span style=\"font-size: 14pt;\"><strong>\u00a0Sobota 09.05.2026<\/strong><\/span><\/p>\n<p><span style=\"font-size: 14pt;\"><strong>17.00 \u2013 Niedzielna \u2013 <\/strong>+ Zygmunta i Mariann\u0119 Staniszewskich w r. \u015bm. \u2013 od najbli\u017cszych \u00a0<\/span><\/p>\n<p><span style=\"font-size: 14pt;\"><strong><u>VI NIEDZIELA WIELKANOCNA \u2013 10.05\u00a0\u00a0 <\/u><\/strong><\/span><\/p>\n<p><span style=\"font-size: 14pt;\"><strong>8.00\u2013 +<\/strong> Kazimier\u0119 i Idziego Kasperczak\u00f3w, Wies\u0142aw\u0119 Wac\u0142awa Duszy\u0144skich \u2013 od najbli\u017cszych<\/span><\/p>\n<p><span style=\"font-size: 14pt;\"><strong>9.30 \u2013 <\/strong>+ Aniel\u0119 Ka\u0142u\u017ca w 18 r. \u015bm. \u2013 od c\u00f3rki Renaty z rodziny<\/span><\/p>\n<p><span style=\"font-size: 14pt;\"><strong>11.30 \u2013 Za parafian<\/strong><\/span><\/p>\n<p><span style=\"font-size: 14pt;\"><strong>16.00 \u2013 <\/strong>+ Joann\u0119 Bogusz \u2013 od Wioli z Robertem z dzie\u0107mi<\/span><\/p>\n<p>&nbsp;<\/p>\n<p><span style=\"font-size: 14pt;\"><strong><u>INTENCJE MSZALNE\u00a0 11-17 maja 2026<\/u><\/strong><\/span><\/p>\n<p><span style=\"font-size: 14pt;\"><strong><u>PONIEDZIA\u0141EK \u2013 11.05.\u00a0 <\/u><\/strong><\/span><\/p>\n<p><span style=\"font-size: 14pt;\"><strong>7.00 \u2013 <\/strong>1 + J\u00f3zefa Bednarka\u2013 od rodziny Much\u00f3w z Rembowa<\/span><\/p>\n<p><span style=\"font-size: 14pt;\">2- + J\u00f3zefa Bednarka \u2013 od chrze\u015bnicy Ilony Ka\u0142uzi\u0144skiej z rodzin\u0105<\/span><\/p>\n<p><span style=\"font-size: 14pt;\"><strong>17.00 \u2013 <\/strong>+ Kamila Karkoszk\u0119 \u2013 od bratowej Kariny z rodzin\u0105<\/span><\/p>\n<p><span style=\"font-size: 14pt;\"><strong><u>WTOREK \u2013 12.05. <\/u><\/strong><\/span><\/p>\n<p><span style=\"font-size: 14pt;\"><strong>7.00\u2013 <\/strong>\u00a0+ Jadwig\u0119 i Adama Frankowskich w 13 r. \u015bm. \u2013 od syna Andrzeja z rodzin\u0105<\/span><\/p>\n<p><span style=\"font-size: 14pt;\"><strong>17.00 \u2013 <\/strong>+ Bart\u0142omieja i Franciszka M\u0142odak<\/span><\/p>\n<p><span style=\"font-size: 14pt;\"><strong><u>\u015aRODA \u2013 13.05\u00a0\u2013 Naj\u015bwi\u0119tszej Maryi Panny z Fatimy\u00a0 <\/u><\/strong><\/span><\/p>\n<p><span style=\"font-size: 14pt;\"><strong>7.00\u2013<\/strong> <strong>+ <\/strong>Mariann\u0119 \u017bywica \u2013 od synowej Ani i wnuk\u00f3w Adriana i Natalii z rodzinami<\/span><\/p>\n<p><span style=\"font-size: 14pt;\"><strong>17.00 \u2013 1- + <\/strong>Magdalen\u0119 Krystek \u2013 od Anny Chutek i Przemka<\/span><\/p>\n<p><span style=\"font-size: 14pt;\"><strong>2- W intencjach nowennowych i za zmar\u0142ych<\/strong><\/span><\/p>\n<ul>\n<li><span style=\"font-size: 14pt;\">O opiek\u0119 Matki Bo\u017cej podczas leczenia Ewy i Jadwigi oraz \u0142ask\u0119 zdrowia<\/span><\/li>\n<li><span style=\"font-size: 14pt;\">O \u0142ask\u0119 zdrowia dla pewnego parafianina<\/span><\/li>\n<li><span style=\"font-size: 14pt;\">+ ks. Apoloniusza Lutoborskiego w 100 r. \u015bm.<\/span><\/li>\n<li><span style=\"font-size: 14pt;\">+ Genowef\u0119 Kaczmarek \u2013 od KGW Macierzanki<\/span><\/li>\n<li><span style=\"font-size: 14pt;\">+ J\u00f3zefa Bednarka \u2013 od Gra\u017cyny Chojnackiej z rodzin\u0105<\/span><\/li>\n<li><span style=\"font-size: 14pt;\">+ Sabin\u0119 Nawrock\u0105 \u2013 od Hanny i Stanis\u0142awa Koniecznych<\/span><\/li>\n<li><span style=\"font-size: 14pt;\">+ Zbigniewa Kopra \u2013 od Iwony Wi\u015bniewskiej Marucha z rodzin\u0105<\/span><\/li>\n<li><span style=\"font-size: 14pt;\">+ Danut\u0119 Owczarek \u2013 od rodziny Ka\u0142do\u0144skich<\/span><\/li>\n<li><span style=\"font-size: 14pt;\">+ Witolda Halamusa \u2013 od Moniki Nowogrodzkiej z Damianem<\/span><\/li>\n<li><span style=\"font-size: 14pt;\">+ Magdalen\u0119 Krystek \u2013 od chrze\u015bnicy Oliwii<\/span><\/li>\n<li><span style=\"font-size: 14pt;\">+ Zenon\u0119 Pustelnik \u2013 od rodziny Bednark\u00f3w<\/span><\/li>\n<li><span style=\"font-size: 14pt;\">+ Helen\u0119 Skotnick\u0105 \u2013 od Grzegorza Go\u0142\u0105b z rodzin\u0105<\/span><\/li>\n<li><span style=\"font-size: 14pt;\">+ Helen\u0119 Ka\u0142uzi\u0144sk\u0105 w 4 r. \u015bm. \u2013 od najbli\u017cszych<\/span><\/li>\n<li><span style=\"font-size: 14pt;\">+ Jana Durkowskiego \u2013 od rodziny Go\u0142\u0105bk\u00f3w i Ma\u0142as\u00f3w<\/span><\/li>\n<li><span style=\"font-size: 14pt;\">+ J\u00f3zef\u0119 Stanis\u0142awa i Mariana Piaskowskich \u2013 od najbli\u017cszych<\/span><\/li>\n<li><span style=\"font-size: 14pt;\">+ Stanis\u0142awa Mariann\u0119 Danut\u0119 i Stanis\u0142awa Pustelnik\u00f3w<\/span><\/li>\n<li><span style=\"font-size: 14pt;\">+ Janin\u0119 Drzazga w 5 r. \u015bm., m\u0119\u017ca Stanis\u0142awa z racji imienin \u2013 od dzieci i wnuk\u00f3w<\/span><\/li>\n<li><span style=\"font-size: 14pt;\">+ Stanis\u0142awa Aleksandrowicza z okazji imienin, syna Grzegorza, rodzic\u00f3w i te\u015bci\u00f3w \u2013 od najbli\u017cszych<\/span><\/li>\n<li><span style=\"font-size: 14pt;\">+ Zofi\u0119 Wi\u0105zowsk\u0105 z okazji imienin, jej m\u0119\u017ca Jerzego \u2013 od syna Grzegorza z rodzin\u0105<\/span><\/li>\n<\/ul>\n<p><span style=\"font-size: 14pt;\"><strong><u>CZWARTEK &#8211; 14.05. \u2013 \u015bwi\u0119to \u015bwi\u0119tego Macieja aposto\u0142a\u00a0\u00a0\u00a0 <\/u><\/strong><\/span><\/p>\n<p><span style=\"font-size: 14pt;\"><strong>7.00 \u2013 <\/strong>1 + Stanis\u0142awa Owczarka \u2013 od Jolanty \u0141uczak<\/span><\/p>\n<p><span style=\"font-size: 14pt;\">2- + Stanis\u0142awa Owczarka \u2013 od rodziny Zaczk\u00f3w<\/span><\/p>\n<p><span style=\"font-size: 14pt;\"><strong>17.00 \u2013 <\/strong>+ Joann\u0119 i Stefana Przelaz\u0142ych i ich rodzic\u00f3w \u2013 od najbli\u017cszych<\/span><\/p>\n<p><span style=\"font-size: 14pt;\"><strong><u>PI\u0104TEK &#8211; 15.05. <\/u><\/strong><\/span><\/p>\n<p><span style=\"font-size: 14pt;\"><strong>7.00\u2013 + <\/strong>Henryka Sieradzkiego \u2013 od Jerzego Spychalskiego z rodzin\u0105<\/span><\/p>\n<p><span style=\"font-size: 14pt;\"><strong>17.00 \u2013 1 &#8211; <\/strong>+ Agnieszk\u0119 Trzebi\u0144sk\u0105 \u2013 od rodziny Cie\u015blak\u00f3w<\/span><\/p>\n<p><span style=\"font-size: 14pt;\"><strong>2- Do Mi\u0142osierdzia Bo\u017cego <\/strong><\/span><\/p>\n<ul>\n<li><span style=\"font-size: 14pt;\">+ ks. Apoloniusza Lutoborskiego w 100 r. \u015bm.<\/span><\/li>\n<li><span style=\"font-size: 14pt;\">+ Jana W\u0142odarczyka \u2013 od rodziny Chmielewskich<\/span><\/li>\n<li><span style=\"font-size: 14pt;\">+ Kazimierza Szczygielskiego \u2013 od Bogumi\u0142y i Andrzeja Stachura<\/span><\/li>\n<li><span style=\"font-size: 14pt;\">+ Zdzis\u0142aw\u0119 Jadwiszczak \u2013 od funkcjonariuszy PSP w Sieradzu<\/span><\/li>\n<li><span style=\"font-size: 14pt;\">+ Agnieszk\u0119 Trzebi\u0144sk\u0105 \u2013 od Rafa\u0142a i Macieja Grzesiak\u00f3w z rodzinami<\/span><\/li>\n<li><span style=\"font-size: 14pt;\">+ Genowef\u0119 Kaczmarek \u2013 od s\u0105siad\u00f3w \u015alebiod\u00f3w<\/span><\/li>\n<li><span style=\"font-size: 14pt;\">+ J\u00f3zefa Bednarka \u2013 od pracownik\u00f3w Ubojni w Ostrowie<\/span><\/li>\n<li><span style=\"font-size: 14pt;\">+ Sabin\u0119 Nawrock\u0105 \u2013 od KGW Krzakowianki<\/span><\/li>\n<li><span style=\"font-size: 14pt;\">+ Zbigniewa Andrycha \u2013 od bratanicy Izabeli Ku\u015bwik z rodzin\u0105<\/span><\/li>\n<li><span style=\"font-size: 14pt;\">+ Leokadi\u0119 Michalsk\u0105 \u2013 od Krzysztofa \u0141awniczaka z rodzin\u0105<\/span><\/li>\n<li><span style=\"font-size: 14pt;\">+ Antoniego Kurczewskiego \u2013 od rodziny Zybrant\u00f3w z Woli Brze\u017aniowskiej<\/span><\/li>\n<li><span style=\"font-size: 14pt;\">+ Danut\u0119 Owczarek \u2013 od rodziny Maksajd\u00f3w<\/span><\/li>\n<li><span style=\"font-size: 14pt;\">+ Witolda Halamusa \u2013 od Ewy i S\u0142awomira St\u0119pkowskich z rodzin\u0105<\/span><\/li>\n<li><span style=\"font-size: 14pt;\">+ J\u00f3zefa \u015awi\u0105tka \u2013 od s\u0105siad\u00f3w Kami\u0144skich<\/span><\/li>\n<li><span style=\"font-size: 14pt;\">+ Stefani\u0119 Pustelnik \u2013 od rodziny Nowak\u00f3w<\/span><\/li>\n<li><span style=\"font-size: 14pt;\">+ Mariann\u0119 Edmunda Miko\u0142ajczyk\u00f3w, Walentyn\u0119 Ignacego Sajdak, Weronik\u0119 Ignacego Szlafskich, Cecyli\u0119 Zygmunta Janusza Karolczyk\u00f3w \u2013 od c\u00f3rki z rodzin\u0105<\/span><\/li>\n<li><span style=\"font-size: 14pt;\">+ Ann\u0119 Andrych \u2013 od rodziny Maksajd\u00f3w z Pogodnej<\/span><\/li>\n<li><span style=\"font-size: 14pt;\">+ Micha\u0142a Cicheckiego \u2013 od Dominiki i Mariusza<\/span><\/li>\n<\/ul>\n<p><span style=\"font-size: 14pt;\"><strong><u>SOBOTA \u2013 16.05. \u2013 \u015bwi\u0119to \u015bwi\u0119tego Andrzeja Boboli prezbitera m\u0119czennika, Patrona Polski\u00a0 <\/u><\/strong><\/span><\/p>\n<p><span style=\"font-size: 14pt;\"><strong>7.00 \u2013 <\/strong>1 + Witolda Halamusa \u2013 od rodziny Fikus\u00f3w z \u0141\u0105kowej<\/span><\/p>\n<p><span style=\"font-size: 14pt;\">2 &#8211; + Witolda Halamusa \u2013 od Karoliny Micha\u0142a Tomasza i Eweliny z rodzinami<\/span><\/p>\n<p><span style=\"font-size: 14pt;\"><strong>13.00 \u2013 Chrzest \u015bwi\u0119ty: <\/strong>Szymon Nogala<\/span><\/p>\n<p><span style=\"font-size: 14pt;\"><strong>\u00a0<\/strong><\/span><\/p>\n<p><span style=\"font-size: 14pt;\"><strong>17.00 \u2013 Niedzielna \u2013 <\/strong>+ Zbigniewa Koper \u2013 od c\u00f3rki Anieli z rodzin\u0105\u00a0<\/span><\/p>\n<p><span style=\"font-size: 14pt;\"><strong><u>Uroczysto\u015b\u0107 WNIEBOWST\u0104PIENIE PA\u0143SKIE \u2013 17.05\u00a0\u00a0 <\/u><\/strong><\/span><\/p>\n<p><span style=\"font-size: 14pt;\"><strong>8.00\u2013 +<\/strong> Tadeusza Musialskiego w 6 r. \u015bm. \u2013 od najbli\u017cszych<\/span><\/p>\n<p><span style=\"font-size: 14pt;\"><strong><u>9.00 <\/u><\/strong><strong>\u2013 <\/strong>1 + Wiktori\u0119 Owczarek z okazji imienin \u2013 od rodzic\u00f3w i braci<\/span><\/p>\n<p><span style=\"font-size: 14pt;\">2- <strong>W intencji dzieci pierwszokomunijnych i ich rodzin<\/strong><\/span><\/p>\n<p><span style=\"font-size: 14pt;\"><strong><u>11.00 \u2013<\/u><\/strong><strong> W intencji dzieci pierwszokomunijnych i ich rodzin <\/strong><\/span><\/p>\n<p><span style=\"font-size: 14pt;\"><strong>16.00 \u2013 <\/strong>+ Ann\u0119 i Juliana Zi\u0119ter\u00f3w \u2013 od c\u00f3rek Ilony i Beaty z rodzinami \u00a0<\/span><\/p>\n<p>&nbsp;<\/p>\n<p>&nbsp;<\/p>\n<p>&nbsp;<\/p>\n<p>&nbsp;<\/p>\n<p>&nbsp;<\/p>\n","protected":false},"excerpt":{"rendered":"<p>\u00a0Sobota 09.05.2026 17.00 \u2013 Niedzielna \u2013 + Zygmunta i Mariann\u0119 Staniszewskich w r. \u015bm. \u2013 od najbli\u017cszych \u00a0 VI NIEDZIELA WIELKANOCNA \u2013 10.05\u00a0\u00a0 8.00\u2013 + Kazimier\u0119 i Idziego Kasperczak\u00f3w, Wies\u0142aw\u0119 Wac\u0142awa Duszy\u0144skich \u2013 od najbli\u017cszych 9.30 \u2013 + Aniel\u0119 Ka\u0142u\u017ca w 18 r. \u015bm. \u2013 od c\u00f3rki Renaty z rodziny \u2026 <a class=\"continue-reading-link\" href=\"https:\/\/parafiabrzeznio.pl\/?page_id=15\"> Continue reading <span class=\"meta-nav\">&rarr; <\/span><\/a><\/p>\n","protected":false},"author":1,"featured_media":0,"parent":0,"menu_order":2,"comment_status":"closed","ping_status":"closed","template":"","meta":{"footnotes":""},"class_list":["post-15","page","type-page","status-publish","hentry"],"_links":{"self":[{"href":"https:\/\/parafiabrzeznio.pl\/index.php?rest_route=\/wp\/v2\/pages\/15","targetHints":{"allow":["GET"]}}],"collection":[{"href":"https:\/\/parafiabrzeznio.pl\/index.php?rest_route=\/wp\/v2\/pages"}],"about":[{"href":"https:\/\/parafiabrzeznio.pl\/index.php?rest_route=\/wp\/v2\/types\/page"}],"author":[{"embeddable":true,"href":"https:\/\/parafiabrzeznio.pl\/index.php?rest_route=\/wp\/v2\/users\/1"}],"replies":[{"embeddable":true,"href":"https:\/\/parafiabrzeznio.pl\/index.php?rest_route=%2Fwp%2Fv2%2Fcomments&post=15"}],"version-history":[{"count":568,"href":"https:\/\/parafiabrzeznio.pl\/index.php?rest_route=\/wp\/v2\/pages\/15\/revisions"}],"predecessor-version":[{"id":1626,"href":"https:\/\/parafiabrzeznio.pl\/index.php?rest_route=\/wp\/v2\/pages\/15\/revisions\/1626"}],"wp:attachment":[{"href":"https:\/\/parafiabrzeznio.pl\/index.php?rest_route=%2Fwp%2Fv2%2Fmedia&parent=15"}],"curies":[{"name":"wp","href":"https:\/\/api.w.org\/{rel}","templated":true}]}}